test common factor of 21988 and 15679356?
956
Calculate the greatest common factor of 225630536 and 485.
97
What is the greatest common factor of 7607064 and 120?
24
Calculate the highest common divisor of 116717416 and 93124.
3004
What is the greatest common divisor of 5617 and 182983?
41
What is the greatest common factor of 16422 and 1728174?
966
Calculate the highest common factor of 21473140 and 180.
20
Calculate the greatest common factor of 54 and 47174805.
27
What is the greatest common factor of 40 and 6538808?
8
What is the greatest common factor of 108990 and 33562?
346
What is the greatest common factor of 14068 and 242212273?
3517
What is the highest common divisor of 320 and 2666816?
64
Calculate the greatest common factor of 102108 and 364.
4
What is the greatest common divisor of 15757980 and 3255?
105
What is the highest common factor of 9153 and 1759071?
339
What is the highest common factor of 11021534 and 45656?
878
What is the greatest common divisor of 232 and 21533768?
8
Calculate the greatest common divisor of 6800 and 1370880.
1360
What is the greatest common factor of 272526185 and 5?
5
Calculate the greatest common divisor of 1567272 and 209.
19
What is the highest common divisor of 21745295 and 5610?
935
What is the greatest common divisor of 683124 and 8580?
156
What is the highest common factor of 42 and 1324068?
6
What is the greatest common factor of 2622547 and 3107?
239
What is the highest common divisor of 1456628 and 6910?
1382
What is the greatest common divisor of 5120 and 3053840?
80
Calculate the highest common factor of 74845166 and 77.
11
What is the greatest common divisor of 86907 and 4396905?
1473
Calculate the greatest common factor of 779671 and 7820.
17
Calculate the greatest common divisor of 4002056 and 40.
8
What is the greatest common divisor of 972764 and 79768?
676
What is the highest common factor of 3080 and 1386154?
154
What is the highest common factor of 4264 and 674245?
533
What is the highest common divisor of 72 and 868338?
18
Calculate the highest common factor of 119531 and 15019.
23
What is the highest common factor of 20 and 70419088?
4
What is the highest common factor of 3080830 and 364538?
3226
What is the greatest common factor of 359229 and 1482117?
2379
Calculate the highest common divisor of 81 and 16360065.
9
Calculate the greatest common divisor of 2064 and 13117584.
48
Calculate the greatest common divisor of 42 and 4546353.
21
What is the greatest common divisor of 244525 and 50?
25
Calculate the greatest common factor of 8826565 and 220.
55
What is the highest common divisor of 349620 and 8940?
60
What is the greatest common factor of 2116488 and 1320?
264
Calculate the greatest common divisor of 468333150 and 500.
50
Calculate the highest common factor of 24 and 12600066.
6
Calculate the greatest common divisor of 23247 and 1078749.
63
What is the greatest common divisor of 497 and 1337640?
71
What is the greatest common factor of 4251147 and 3982?
181
What is the greatest common divisor of 284537 and 29777?
11
What is the greatest common divisor of 1105 and 4797468?
221
Calculate the highest common factor of 312 and 7890831.
39
What is the greatest common factor of 111860 and 393890?
1190
What is the highest common factor of 56107974 and 3510?
78
Calculate the greatest common divisor of 298 and 4363316.
298
What is the greatest common factor of 3131024 and 2080?
208
What is the highest common divisor of 3534208 and 640?
128
What is the highest common factor of 587 and 37186450?
587
What is the greatest common factor of 564 and 12176?
4
Calculate the greatest common divisor of 2368 and 30692832.
1184
What is the greatest common divisor of 538468301 and 98?
49
What is the highest common factor of 16757055 and 630?
315
What is the highest common factor of 2205 and 17169495?
105
Calculate the greatest common factor of 3480920 and 8840.
680
What is the highest common factor of 47685 and 106363560?
4335
Calculate the highest common factor of 2206344 and 19803.
483
Calculate the highest common divisor of 22496 and 2091425.
703
Calculate the greatest common divisor of 707162 and 26038.
94
Calculate the highest common factor of 2464 and 9061976.
616
Calculate the highest common factor of 9 and 38853468.
9
Calculate the highest common divisor of 10053013 and 13674.
43
Calculate the greatest common factor of 5920 and 5382464.
1184
What is the greatest common factor of 98833533 and 2298?
1149
Calculate the highest common divisor of 10168446 and 12233.
941
Calculate the highest common factor of 1070 and 1593270.
10
Calculate the highest common factor of 2277 and 33516681.
759
What is the highest common divisor of 29180983 and 624?
13
Calculate the greatest common divisor of 873556606 and 1196.
598
Calculate the highest common divisor of 142703452 and 1117.
1117
Calculate the highest common divisor of 112144848 and 52050.
2082
What is the greatest common divisor of 3872584221 and 23?
23
Calculate the highest common factor of 115 and 4280737.
23
What is the greatest common factor of 88822 and 65682?
178
What is the greatest common divisor of 1725 and 355143?
69
Calculate the highest common factor of 4446090 and 2835.
405
Calculate the highest common factor of 14983613 and 3111.
1037
Calculate the highest common divisor of 534664 and 2274389.
689
What is the greatest common factor of 3690 and 10372959?
369
Calculate the highest common factor of 167416 and 34544.
136
Calculate the highest common divisor of 1276 and 1496632.
116
Calculate the greatest common factor of 180 and 2036407410.
90
What is the greatest common divisor of 195 and 54566850?
195
Calculate the greatest common divisor of 20456268 and 77.
7
What is the highest common factor of 10 and 27016570?
10
Calculate the greatest common factor of 20296862 and 194.
194
Calculate the highest common factor of 9086340 and 4776.
2388
What is the highest common factor of 202302895 and 40?
5
Calculate the highest common factor of 14487300 and 25.
25
What is the greatest common divisor of 242730420 and 1020?
1020
What is the greatest common factor of 33 and 52623637?
11
What is the greatest common factor of 1941 and 7560842?
647
Calculate the greatest common divisor of 1122 and 190240710.
1122
Calculate the greatest common divisor of 91707176 and 3410.
682
Calculate the greatest common factor of 5744 and 2065472.
16
What is the highest common divisor of 63332 and 16047704?
284
What is the highest common factor of 916701 and 589?
31
What is the greatest common factor of 162215688 and 312?
24
Calculate the greatest common divisor of 3227 and 64666314.
461
Calculate the greatest common factor of 48265 and 1654240.
245
Calculate the highest common factor of 88934 and 27136.
106
What is the highest common divisor of 2215642 and 149098?
254
What is the greatest common divisor of 1819310 and 90?
10
Calculate the highest common factor of 310 and 347584.
2
Calculate the greatest common divisor of 39 and 1199354.
13
Calculate the greatest common factor of 6408 and 162828882.
1602
Calculate the greatest common factor of 25200 and 202950.
450
What is the greatest common divisor of 1541236 and 104440?
1492
Calculate the greatest common divisor of 2107 and 3068996.
301
Calculate the highest common factor of 10682 and 40757171.
5341
What is the highest common factor of 8216 and 212953?
13
Calculate the highest common factor of 880 and 19277060.
220
What is the greatest common divisor of 62158478 and 344?
86
Calculate the highest common factor of 2149141876 and 14.
14
What is the greatest common divisor of 538 and 77133060?
538
Calculate the highest common divisor of 117912 and 51153.
867
Calculate the greatest common factor of 37330 and 114930.
10
Calculate the greatest common divisor of 8445 and 7980.
15
What is the highest common divisor of 457273 and 3743?
19
Calculate the highest common divisor of 576 and 825568.
32
Calculate the greatest common factor of 18509 and 1091362.
223
What is the greatest common factor of 5175870 and 110?
10
Calculate the highest common divisor of 73047317 and 17255.
3451
Calculate the highest common divisor of 36197 and 46627.
7
What is the highest common factor of 114 and 41802508?
38
What is the highest commo